49 is divided by ((-39)/o)/(c/15).
10
Let l(y) = y**2 + 14*y - 27. Suppose 0 = -0*v + v. Suppose o + o - 32 = v. Calculate the remainder when l(-18) is divided by o.
13
Let h = -522 - -820. Calculate the remainder when h is divided by 23.
22
Suppose -5*u + 2*h + 330 = -3*h, -4*u = h - 259. Calculate the remainder when 649 is divided by u.
64
Suppose -r - p + 22 = -4*p, -3*p - 43 = -4*r. What is the remainder when 106/(-6)*9/(-3) is divided by 0 + r*(5 - 3)?
11
Calculate the remainder when -2*(-16 + 42)*(-13)/4 is divided by 57.
55
Let d be ((-94)/(-4))/(-3*(-1)/18). Let t = d + -82. Calculate the remainder when t is divided by 30.
29
Suppose 219 = 8*f + 19. Calculate the remainder when (2 + 138 + 2)/2 is divided by f.
21
Let s(d) = 2*d**2 + 14*d - 13. What is the remainder when 81 is divided by s(-9)?
12
Let c(y) = y**3 - 4*y**2 + 12*y - 9. What is the remainder when c(4) is divided by 23 - (-6 + 5)*-2?
18
Let y(q) = 6*q - 9. Calculate the remainder when 131 is divided by y(6).
23
Suppose 0 = -2*x + 5*r + 160, 106 = x - 3*r + 27. What is the remainder when 244 is divided by x?
74
Let h(u) = -u**2 - 13*u - 27. Let t be h(-3). Suppose -m + 9 = 5*b - 7, 0 = -t*m + 3. What is the remainder when b is divided by 2?
1
Suppose 3*p - 143 = -w, 0 = -100*w + 105*w - 3*p - 643. Calculate the remainder when 784 is divided by w.
129
Suppose 29 = 2*h - j, 0 = -5*h - 2*j - 3*j + 110. Let v = 254 + -155. Calculate the remainder when v is divided by h.
14
Suppose -91 = -15*p + 194. What is the remainder when 22 is divided by p?
3
Let c = 32 - 21. Let i = -2 + 6. Suppose 2*q - 3*q - 5*l = -62, 4*l = i*q - 152. Calculate the remainder when q is divided by c.
9
Let g = -12 + 20. Let p(b) = 10*b + 5. Let l be p(-3). Let h = 71 + l. What is the remainder when h is divided by g?
6
Suppose 4*g + 3 = 3*v - 7, -4*g - 8 = -4*v. Suppose 0 = 3*p - 6*p + 60. Calculate the remainder when g/(-5) - 1910/(-50) is divided by p.
19
Let a = -256 - -295. What is the remainder when 46 is divided by a?
7
Suppose 6*h - 40 = -2*a + 2*h, 2*a = 4*h. Suppose -n + 0*n + a = 0. Suppose -n = -4*u + 26. What is the remainder when 24 is divided by u?
6
Let w = 114 + -94. What is the remainder when -1 - ((-1)/(-1) - 51) is divided by w?
9
Suppose 9*c - 14*c = -280. Suppose -r - r = -30. Calculate the remainder when c is divided by r.
11
Let j = 1328 + -1311. Calculate the remainder when 185 is divided by j.
15
Suppose -x + 414 = -0*x + 4*t, 4*x = -t + 1671. What is the remainder when x is divided by 30?
28
Suppose 336 = 3*j - 3*u - 141, 0 = -2*u + 10. Let s = 569 + -527. What is the remainder when j is divided by s?
38
Let c = 53 + -52. Calculate the remainder when ((-2)/2)/((-7)/(c - -1140)) is divided by 33.
31
Let g(z) = 201*z**2 - 2*z + 4. Let m be (2 + 2 - 8)*2/(-8). What is the remainder when g(m) is divided by 41?
39
Suppose 0 = 4*y + 2*t - 366, 8*y - 11*y + 275 = 2*t. What is the remainder when y is divided by 14?
7
Suppose 374 = 4*h + h + 4*j, 303 = 4*h + 7*j. Let v be 1*(1 - -1 - 1). What is the remainder when h is divided by (v + (0 - 0))*19?
17
Suppose -694 = -5*s - 2*d + d, d + 272 = 2*s. Suppose 12*p + s = 15*p. What is the remainder when p is divided by 12?
10
Let g(q) = -11*q - 2. Let j be g(-2). Suppose -4*u + 17 = -3*u + y, -4*y - j = 0. Let c = -1126 + 1212. What is the remainder when c is divided by u?
20
Let y(p) be the third derivative of -p**5/60 - p**4/6 - 4*p**2. What is the remainder when 26 is divided by y(-2)?
2
Let i be (-2)/2 + 16/2. Let o = 9 - i. Let z = 9 + o. Calculate the remainder when z is divided by 6.
5
Let a = -14 + 17. Let u = 36 + a. Let y = 7 - -3. What is the remainder when u is divided by y?
9
Let a be ((1 - -17) + -3)*(-36)/(-4). Suppose -g + 4*q = g - 56, 5*g = 5*q + a. What is the remainder when 75 is divided by g?
23
Calculate the remainder when ((-47322)/(-693))/((-4)/(-14)) is divided by 122.
117
What is the remainder when ((-915)/(-12))/(10/8) is divided by 48?
13
Suppose -165*s = -163*s - 24. Suppose -180 = 3*y - s*y. What is the remainder when 38 is divided by y?
18
Let t be 2/(-7) - (-1750)/(-49). What is the remainder when 67 is divided by t/(-12) + (-22)/(-2)?
11
Let i = 6164 - 6142. Let s = 5 + 3. Calculate the remainder when i is divided by s.
6
What is the remainder when 229 is divided by -18*((-5)/(-4))/((-258)/688)?
49
Suppose 17*s - 275 - 337 = 0. Calculate the remainder when 356 is divided by s.
32
Suppose 0 = 5*w - 2*b - 7, 0 = -4*w + 2*b + 6. Calculate the remainder when (15/w)/(1/3) is divided by (13 - -1) + (-24)/(-2 + -10).
13
Suppose 0 = 7*g + 65 - 163. Calculate the remainder when 83 is divided by g.
13
Suppose 16 = 3*m + 5*b, -m = -2*b - 2*b + 6. Suppose -2*w + 3*w + 6 = -4*f, -m*w + 2*f + 18 = 0. Calculate the remainder when 16 is divided by w.
4
Let a be ((-6)/6)/(1/2). What is the remainder when -5 + 20 + a/(-2) is divided by 10?
6
Let q(k) = -k**3 - 2*k**2 - 4*k - 1. Suppose -4*r + 52 = 4*m, -7*r = 8*m - 5*r - 128. What is the remainder when q(-6) is divided by m?
14
Let m(d) = -d**3 + d**2 + 2*d + 2. Let q be m(3). Calculate the remainder when 59 is divided by 96/3 - q/(-5).
29
Let u = 114 + -80. Suppose 17*d = 6*d + 99. Calculate the remainder when u is divided by d.
7
Suppose 0 = -8*a + 4059 - 1211. What is the remainder when a is divided by 30?
26
Let s be 40/24 + (-2)/(-6). Let p be 1 - 6 - (-1 + s). What is the remainder when 34 is divided by ((-2)/p)/(2/54)?
7
Let r = 13 + 17. Suppose 3*i + r = j, 0 = -4*i + 20 - 0. What is the remainder when j is divided by 23?
22
Let y(c) = -c**2. Let t be y(0). Suppose 4*g + 28 - 120 = t. Let o = 33 - g. What is the remainder when 19 is divided by o?
9
Suppose 5*w = 4*y + 103, 5*y + 48 = w + w. What is the remainder when 36 is divided by w?
17
Let v(r) = -49*r - 4. Let f be (-6)/((-4)/6*-3). What is the remainder when v(f) is divided by 2/(((-3)/54)/(-1))?
35
Let k = -13 + 23. Let j = 14 - -1. What is the remainder when 284/k - (-16)/(-40) is divided by j?
13
Let f(d) = -d**2 + 37*d - 85. Calculate the remainder when f(23) is divided by 48.
45
Let y = 2634 + -2210. What is the remainder when y is divided by 61?
58
Calculate the remainder when 10/150 - (-5684)/15 is divided by 32.
27
Suppose 35*i = 25*i + 30. Calculate the remainder when 241 is divided by i.
1
Let t be (8/(-2))/(2/4). Let x(h) = -h**3 - 8*h**2 - 10*h - 17. What is the remainder when x(t) is divided by 11?
8
Let a(s) = -s**3 + 4*s**2 + 3. Suppose 5*m + 15 = 6*m. Suppose 6*d = d + m. Calculate the remainder when a(d) is divided by 5.
2
Suppose 0 = -r + 3*g + 6 + 5, -5*g - 105 = -5*r. Calculate the remainder when r is divided by 84/7 - 3/1.
8
Let k(j) = -j + 1 - 3 + 0. Let x be k(-6). Suppose -3*i = -2*q + 22, 69 = x*q + i + 11. Calculate the remainder when 25 is divided by q.
11
Let s = -5 + 7. Suppose 0*n - n = 3*t - 41, 2*n = -s*t + 94. Let j(z) = -z**2 + 3*z + 23. What is the remainder when n is divided by j(5)?
11
Let s = 35 - 20. What is the remainder when (-38)/(-95) - 706/(-10) is divided by s?
11
Let n = -569 - -610. Calculate the remainder when 138 is divided by n.
15
Suppose 0 = -7*l + 520 + 180. Suppose -d = l - 103. What is the remainder when d is divided by 3?
0
Suppose 0 = -115*i + 113*i + 14. Suppose i*t - 1231 = 78. What is the remainder when t is divided by 19?
16
Let r = 4 + 6. Let j(c) = 6*c + 23. What is the remainder when j(4) is divided by r?
7
Let y(c) be the first derivative of c**4/4 + 7*c**3/3 - c**2 + 8*c + 15. Calculate the remainder when 65 is divided by y(-7).
21
Let p(o) = 5*o - 27. Suppose -3*h - 6 = 0, l + h - 5 = 6. Calculate the remainder when p(l) is divided by 13.
12
Suppose 126 = 8*r - 306. Calculate the remainder when r is divided by 14.
12
Let t(k) = -k + 7 - k**2 + 2 + 2 + 3. What is the remainder when 38 is divided by t(0)?
10
Suppose 224 = 2*f - n - 3*n, 5*f - 600 = 2*n. What is the remainder when f is divided by 31?
29
Let k(n) = -71*n - 313. Calculate the remainder when k(-8) is divided by 14.
3
Suppose -228 = -5*r - 3*k, 2*r - k = -r + 148. Let f(s) = 2*s**2 + 80*s - 739. What is the remainder when f(-49) is divided by r?
47
Let s(n) = n**3 + 19*n**2 - 3*n + 8. What is the remainder when s(-19) is divided by 12?
5
Let m = -32 + 58. Suppose 2*q + 0*q = 100. What i